34 - 18. Suppose 0 = -3*z + 38 + i. What is the tens digit of z?
1
Suppose 0 = 2*x - 39 - 1. Suppose -x = -5*v - 5. Suppose 0 = v*o - 4*o + 32. What is the tens digit of o?
3
Let f(q) = -54*q + 249. What is the hundreds digit of f(-7)?
6
Let z(i) = -33*i - 3. Let u(h) = 5*h**2 - 3*h + 8. Let x(b) = -b**2 + b - 1. Let f(q) = u(q) + 6*x(q). Let g be f(4). What is the units digit of z(g)?
3
Suppose 0 = -w - z - 125, w - 2*w - 137 = -3*z. Let c = -46 - w. What is the tens digit of c?
8
Suppose 2*v = -3*x - x - 6, -3*v = 4*x + 5. What is the units digit of 703/(-38)*(v - 5)?
4
Suppose 8*b = -21*b + 23432. What is the units digit of b?
8
Let k(q) = 845*q + 11 - 846*q + 23*q**2 + 9 + 4 - 22*q**2. Let u = 0 + 0. What is the units digit of k(u)?
4
Let k(g) = 7*g**2 + g - 4. What is the units digit of k(-7)?
2
Let b(q) = -q + 1. Let d(m) = 7*m + 54. Let n(a) = 2*b(a) + d(a). What is the units digit of n(15)?
1
Let s(d) be the first derivative of -d**2/2 + 25*d + 7. Let f be s(13). Suppose -f*j + 14*j = 72. What is the units digit of j?
6
Let m be (-753)/(-12) + 1 + 3/(-4). Let k = m - 42. What is the tens digit of k?
2
Let y be 14 + (-1)/(2/(-2)). Suppose -7 = -4*z + 5*s + 13, 0 = -3*z + s + 4. Suppose -r - 27 = -2*j, j - r + 2*r - y = z. What is the units digit of j?
4
Let f = 21 - 13. Suppose -4*b = m + 14, 3*m + 2*b + 4 + f = 0. What is the units digit of 2*2/m + 11?
9
Let z = -15 + -60. Let g(j) = -24*j**2 + 2*j - 1. Let f be g(1). Let b = f - z. What is the units digit of b?
2
Let b(a) = -a**3 - 4*a**2 - 4*a - 3. Let p = 17 + -21. Let q be b(p). Let f = -5 + q. What is the units digit of f?
8
Let q be 2 + -4 - -1 - -3. Suppose 2*x = 2*l + 232, -220 = -2*x + 7*l - q*l. Suppose -v + 48 = 5*f, -7*v + 5*f + x = -2*v. What is the tens digit of v?
2
Let g(w) = -113*w - 3. Let o be g(-1). Suppose -3*d = -449 + o. What is the units digit of d?
3
Let i(f) = 2*f**2 + 32*f + 4. Let d be i(-16). Suppose 0 = d*b - g - 201, g - 81 + 331 = 5*b. What is the tens digit of b?
4
Let b(o) = o**2 - 14*o + 10. Let n be b(14). Suppose -8*f + n = -3*f. What is the units digit of f/(8/124) - -1?
2
Let b(r) = 3 + 10*r + 4*r - r**3 - 12*r - r**2. What is the tens digit of b(-4)?
4
Let t = -774 - -1227. What is the tens digit of t?
5
Suppose 0 = -m - 4*i + 1787, 4*i = -5*m - 6201 + 15104. What is the hundreds digit of m?
7
Suppose -26 = -3*i + 5*m, 0*i - 12 = -4*i + m. Let r(c) = 13 - c**3 + 9 - 6*c**i + 7*c**2. What is the units digit of r(0)?
2
Suppose 3*f + 4*a - 8 = 0, 2*a + 11 = 3*f + 3*a. Let p be (4 - 2) + 0 + 1. Suppose p*v = -n + 24, -f*n = n + 3*v - 96. What is the tens digit of n?
1
Suppose -6*v = -3*v. Suppose -s + v*s = -48. What is the units digit of s?
8
Let j = 232 + -94. Let k = j - 27. What is the units digit of k?
1
Suppose -3*p - 3*n + 32 = -19, 5*p + 2*n - 88 = 0. Let s = p - -33. What is the tens digit of s?
5
Suppose 2*f - 1 = f, -2*f = -4*a - 2. Suppose -2*m - t + 6 + 11 = a, 3*t = 3*m - 39. What is the units digit of 250/4 + (-5)/m?
2
Suppose 6*s = 9*s. Suppose z + 2*z - 171 = -3*w, -3*w - 2*z + 172 = s. What is the tens digit of w?
5
Let y(a) = a**3 - 17*a**2 + 16*a - 4. What is the units digit of y(17)?
8
Let l = 102 - 99. Suppose l - 10 = -4*u - t, -2*t - 22 = -4*u. What is the units digit of u?
3
Let s = -533 + 1538. What is the hundreds digit of s?
0
Let n(m) = -m - 5. Let p be n(-7). Suppose -4*t + 1 = p*c - 5, 4*t = -c + 3. Suppose -3*b = -t*b - 72. What is the tens digit of b?
2
Suppose -3*c + 6223 = -5*b, -1855 = -c + 2*b + 218. What is the hundreds digit of c?
0
Let i = -23 - -19. What is the tens digit of 85 + (-4 - i) + -4?
8
Suppose -27*d + 31*d = -3*i + 2114, 0 = 3*i + d - 2117. What is the hundreds digit of i?
7
Let d be (-126)/(-108)*(-1 + 7). Suppose 311 = d*v - 116. What is the units digit of v?
1
Let x(c) = -c**3 - 6*c**2 - 2*c - 128. What is the tens digit of x(-15)?
2
Let a = -336 - -222. Let n be (a/(-10) + -3)*5. Suppose y = -2 + n. What is the units digit of y?
0
Suppose 3*b + 121 = -17. Let r = -2 - b. What is the tens digit of r?
4
Suppose 4*g + 47 = -p, -g - 3*p - 33 = 2*g. Let v = -11 - g. What is the units digit of v?
1
Suppose -k + 1 = l + 9, 5*l + 2*k = -52. Let b = 13 + l. Let r = b + 20. What is the units digit of r?
1
Let k(u) = 4*u - 10. Let f(m) = 5*m + 26. Let d be f(-6). Let a be (36/21)/(d/(-14)). What is the tens digit of k(a)?
1
Suppose -2*n - n + 4*y = -78, n + y = 33. Let d = 9 + n. Suppose d = 5*w - 126. What is the tens digit of w?
3
Suppose 5843 = 26*h - 21925. What is the hundreds digit of h?
0
Let r = 12 + -15. Let y(a) = -a**2 - 5*a - 3. Let h be y(r). Suppose 107 = 4*f - k, -h*f - 3*k + 83 = -k. What is the units digit of f?
7
Let g(s) = -10*s - 5. Suppose -2*w = 5*t - 55, 2*w = 3*t + t - 26. Suppose -3 + t = -2*q. What is the tens digit of g(q)?
2
Let z(b) = -25*b**3 - 5*b**2 - 11*b - 27. What is the hundreds digit of z(-4)?
5
Suppose -15*n + 6989 = -35281. What is the units digit of n?
8
Let b(s) = -s**2 + 2*s + 13. Let f be b(4). What is the units digit of (-2)/f - 3670/(-50)?
3
Suppose -2*t - 5*h + 26 = 2*t, -3*h = -4*t + 10. Suppose t*u - 58 = 38. Suppose 5*z - z = u. What is the units digit of z?
6
Let b(z) = -21*z**3 + 2*z**2 - z - 2. Let s be b(-1). Let u = 0 + -2. Let j = s + u. What is the tens digit of j?
2
Let u(w) = -2*w**3 - 27*w**2 + 31*w + 42. What is the units digit of u(-17)?
8
Suppose 4*u - 6919 = 5*k, 15*u - 20*u - k + 8656 = 0. What is the tens digit of u?
3
Suppose 708 = 15*q + 108. What is the units digit of q?
0
Let m(c) be the first derivative of 75*c**2/2 - 28*c + 17. What is the units digit of m(4)?
2
Let v(d) = d**3 + 20*d**2 + 8*d - 11. Let s be v(-13). Suppose -s = -6*h - 318. What is the units digit of h?
5
Let x(r) = r**2 + 10*r + 23. Let b be x(-7). Suppose -5*n + 771 = 4*y + 80, -b*y + 341 = n. What is the units digit of y?
9
Let v = -23 - -34. Let l = -7 + v. Suppose 0 = -3*x - 0*r - r + 55, l*x + r = 73. What is the tens digit of x?
1
Suppose 4*i - 8 = 2*m, 5*i + 4 = 4*i + 2*m. Suppose 35 + 53 = i*z. What is the tens digit of z?
2
Let h(q) = 8*q**3 + 1. Let j = -15 - -4. Let o = j - -12. What is the units digit of h(o)?
9
Suppose -23*p - 12160 = -31*p. What is the units digit of p?
0
Suppose 5*x - 587 - 888 = -4*o, o - 5*x - 400 = 0. What is the units digit of o?
5
Let p(r) = 2*r + 5. Let v be p(-7). Let a(m) = -7*m + 10. Let b be a(v). Suppose -3*s - 2*z = -b, -2*s + 0*s + 62 = -2*z. What is the units digit of s?
7
Let g(b) = 2*b + 22. Let a be g(-9). Suppose -a = -4*c + 4*r, -16 = 5*c + 5*r + 9. Let m(d) = -13*d + 3. What is the units digit of m(c)?
9
Let w(q) = 3*q - 6. Let v be w(3). What is the units digit of v*(14/6 + -1)?
4
Let q = 19 + 15. Let r = 38 - q. What is the units digit of r?
4
Suppose j + 3*m - 33 = 221, 4*j - 1048 = 4*m. Let u be j/15 - (-3)/(-9). Let h = 42 - u. What is the tens digit of h?
2
Let i(n) = n**3 + 2*n**2 - 6*n + 4. Let x be 1 - -5 - (-3 + 4). What is the hundreds digit of i(x)?
1
Suppose 4*c + 15922 = 5*g + 5*c, -3*g - 2*c + 9549 = 0. What is the hundreds digit of g?
1
Let s(w) = w**3 - 18*w**2 - 32*w - 29. What is the units digit of s(20)?
1
Suppose -2*v = -38 - 92. Let y = -43 + v. What is the units digit of y?
2
Suppose 9*c + 312 = c. Let n = 100 + c. What is the units digit of n?
1
Suppose f - 142 = 5*c, -21*c + 15 = -18*c. What is the tens digit of f?
6
Let w be ((-80)/(-12))/((-1)/(-3)). Suppose w = -b - 4. Let r = b + 41. What is the units digit of r?
7
Let z(j) = -7*j**3 - 3*j**2 - 6*j - 24. What is the tens digit of z(-4)?
0
Let c(d) = d + 149. What is the hundreds digit of c(-17)?
1
Suppose -49*i - 833 = -56*i. What is the hundreds digit of i?
1
Suppose v + 2*w - 676 = 5*w, v = 4*w + 680. What is the units digit of v?
4
What is the units digit of (-232)/(-8) - (11 + -5)?
3
Suppose -5*j + 1 + 14 = 0. Suppose -3*m - 30 = -j*l, -m = -4*l + 18 + 4. Let c(b) = 2*b**2 + 10*b + 12. What is the tens digit of c(m)?
2
Let m(b) = -56*b - 5. Let z(k) = -19*k - 2. Let d(p) = 6*m(p) - 17*z(p). Let f be d(6). Let w = -28 - f. What is the units digit of w?
6
What is the hundreds digit of (1312/(-10))/(208/(-40) + 5)?
6
Let a = -23 + 23. What is the hundreds digit of 3/(-1) + 1 + (160 - a)?
1
Suppose -11*f = -2954 - 60. What is the tens